r of 13430?
False
Is 2520 a multiple of 140?
True
Is 858 a multiple of 4?
False
Is 9 a factor of 900?
True
Is 15 a factor of 3315?
True
Does 39 divide 317?
False
Is 46257 a multiple of 19?
False
Does 11 divide 3179?
True
Is 2224 a multiple of 16?
True
Does 5 divide 2247?
False
Does 52 divide 2871?
False
Is 35899 a multiple of 222?
False
Is 183 a factor of 17385?
True
Does 6 divide 215?
False
Is 5166 a multiple of 118?
False
Is 75 a multiple of 9?
False
Is 18 a factor of 2340?
True
Is 33 a factor of 3375?
False
Is 13462 a multiple of 68?
False
Is 16 a factor of 7465?
False
Is 675 a multiple of 25?
True
Is 24 a factor of 2904?
True
Is 21 a factor of 52981?
False
Does 12 divide 3996?
True
Is 1824 a multiple of 57?
True
Is 30442 a multiple of 14?
False
Is 40238 a multiple of 22?
True
Is 12350 a multiple of 171?
False
Does 27 divide 16362?
True
Does 85 divide 7741?
False
Does 30 divide 180?
True
Is 29302 a multiple of 7?
True
Is 247 a multiple of 3?
False
Does 21 divide 212625?
True
Is 1169 a multiple of 99?
False
Does 15 divide 4080?
True
Is 97 a factor of 873?
True
Is 5226 a multiple of 42?
False
Is 1063 a multiple of 17?
False
Does 60 divide 15540?
True
Does 47 divide 2068?
True
Does 115 divide 842?
False
Is 14 a factor of 2754?
False
Is 2940 a multiple of 105?
True
Is 9471 a multiple of 41?
True
Does 12 divide 168?
True
Is 1641 a multiple of 36?
False
Is 3074 a multiple of 106?
True
Is 34 a factor of 238?
True
Does 70 divide 3232?
False
Does 31 divide 3171?
False
Is 563 a multiple of 11?
False
Is 40 a factor of 7026?
False
Is 303 a multiple of 7?
False
Is 31996 a multiple of 38?
True
Is 21698 a multiple of 110?
False
Is 6058 a multiple of 26?
True
Is 109 a factor of 8982?
False
Is 28 a factor of 392?
True
Does 83 divide 6336?
False
Does 10 divide 620?
True
Is 30 a factor of 390?
True
Is 36 a factor of 21073?
False
Does 15 divide 68166?
False
Does 27 divide 2106?
True
Is 51 a factor of 2703?
True
Is 13348 a multiple of 71?
True
Is 3115 a multiple of 25?
False
Is 76618 a multiple of 257?
False
Is 14367 a multiple of 131?
False
Does 55 divide 10281?
False
Is 64573 a multiple of 36?
False
Is 92 even?
True
Does 27 divide 1512?
True
Is 52 a factor of 7458?
False
Is 12506 a multiple of 169?
True
Is 9331 a multiple of 7?
True
Is 3621 a multiple of 6?
False
Does 9 divide 873?
True
Is 25 a factor of 107928?
False
Is 210 a multiple of 35?
True
Is 5872 a multiple of 12?
False
Is 309 a factor of 41297?
False
Is 448 a multiple of 28?
True
Is 126089 a multiple of 17?
True
Does 18 divide 5940?
True
Does 11 divide 17017?
True
Does 115 divide 11960?
True
Does 13 divide 29575?
True
Is 51 a factor of 9282?
True
Is 6936 a multiple of 11?
False
Does 12 divide 1680?
True
Does 78 divide 1014?
True
Is 181 a factor of 23530?
True
Is 57 a factor of 92?
False
Is 393 a multiple of 8?
False
Is 21 a factor of 528?
False
Is 7 a factor of 27023?
False
Is 23868 a multiple of 221?
True
Is 16 a factor of 2064?
True
Is 10 a factor of 890?
True
Does 20 divide 1820?
True
Does 3 divide 21222?
True
Does 7 divide 658?
True
Is 35766 a multiple of 18?
True
Does 21 divide 4288?
False
Is 357 a multiple of 7?
True
Is 2646 a multiple of 42?
True
Is 2 a factor of 379?
False
Is 223 a multiple of 3?
False
Is 11441 a multiple of 17?
True
Does 10 divide 69602?
False
Is 86 a factor of 47214?
True
Does 23 divide 89907?
True
Does 143 divide 8151?
True
Does 93 divide 16368?
True
Is 84 a factor of 2421?
False
Is 32850 a multiple of 219?
True
Is 2670 a multiple of 10?
True
Is 3696 a multiple of 12?
True
Does 18 divide 21381?
False
Is 1368 a multiple of 76?
True
Is 93 a multiple of 4?
False
Is 6505 even?
False
Is 240 a multiple of 16?
True
Is 9 a factor of 19137?
False
Is 2432 even?
True
Is 709 a multiple of 17?
False
Is 3969 a multiple of 10?
False
Is 2224 a multiple of 10?
False
Is 1004 a multiple of 7?
False
Is 3 a factor of 77?
False
Is 253 even?
False
Is 4160 a multiple of 32?
True
Is 19 a factor of 18487?
True
Is 1143 a multiple of 32?
False
Is 28 a factor of 11953?
False
Is 30 a factor of 1334?
False
Is 5 a factor of 277?
False
Does 3 divide 35?
False
Is 125 a factor of 23500?
True
Is 97 a factor of 1746?
True
Is 8255 a multiple of 127?
True
Is 11 a factor of 60005?
True
Is 1836 a multiple of 27?
True
Does 7 divide 553?
True
Does 7 divide 31?
False
Is 17 a factor of 75145?
False
Does 35 divide 976?
False
Does 8 divide 408?
True
Does 62 divide 1124?
False
Is 24 a factor of 8580?
False
Does 44 divide 127644?
True
Is 4731 a multiple of 57?
True
Is 6321 a multiple of 43?
True
Is 4968 a multiple of 8?
True
Does 28 divide 17752?
True
Is 9824 a multiple of 26?
False
Does 5 divide 1235?
True
Does 5 divide 730?
True
Does 43 divide 1257?
False
Does 6 divide 7191?
False
Is 1588 a multiple of 43?
False
Is 1512 a multiple of 108?
True
Is 12 a factor of 5112?
True
Is 60 a factor of 732?
False
Is 152 a multiple of 38?
True
Is 105 a factor of 1180?
False
Is 46768 a multiple of 148?
True
Does 173 divide 30355?
False
Is 29 a factor of 58?
True
Is 35 a factor of 533?
False
Is 5 a factor of 12603?
False
Is 23142 a multiple of 29?
True
Does 24 divide 953?
False
Does 38 divide 836?
True
Does 16 divide 3104?
True
Does 9 divide 1487?
False
Is 2057 a multiple of 3?
False
Is 359 a multiple of 4?
False
Does 10 divide 1332?
False
Is 26 a factor of 4767?
False
Is 15613 a multiple of 13?
True
Does 26 divide 260?
True
Is 1320 a multiple of 10?
True
Is 22 a factor of 23540?
True
Is 6878 a multiple of 14?
False
Does 43 divide 1118?
True
Is 87 a factor of 2515?
False
Is 166 a factor of 12758?
False
Does 27 divide 1107?
True
Is 736 a multiple of 46?
True
Is 55 a factor of 597?
False
Is 56 a multiple of 28?
True
Is 14 a factor of 264?
False
Does 68 divide 44404?
True
Does 26 divide 1286?
False
Is 479 a multiple of 4?
False
Is 10 a factor of 6421?
False
Is 163 a factor of 28199?
True
Is 13 a factor of 171080?
True
Does 23 divide 1126?
False
Does 31 divide 3689?
True
Is 21801 a multiple of 39?
True
Is 1209 a multiple of 84?
False
Is 22553 a multiple of 59?
False
Is 1984 a multiple of 64?
True
Is 25 a factor of 36066?
False
Is 31099 a multiple of 227?
True
Does 163 divide 29503?
True
Is 29378 a multiple of 10?
False
Is 4312 a multiple of 130?
False
Is 13 a factor of 3227?
False
Is 8621 a multiple of 37?
True
Is 49 a factor of 13429?
False
Is 4 a factor of 4768?
True
Does 271 divide 141733?
True
Is 41 a factor of 4469?
True
Is 48 a factor of 768?
True
Is 156 a factor of 6396?
True
Does 14 divide 224?
True
Is 26099 a multiple of 311?
False
Does 13 divide 10053?
False
Is 5 a factor of 1608?
False
Is 17 a factor of 25296?
True
Is 12 a factor of 12595?
False
Does 93 divide 26505?
True
Does 148 divide 27081?
False
Is 35 a factor of 21795?
False
Does 3 divide 3840?
True
Is 5698 a multiple of 77?
True
Does 2 divide 210?
True
Is 21613 a multiple of 12?
False
Is 15 a factor of 330?
True
Does 4 divide 1577?
False
Is 3648 a multiple of 16?
True
Does 20 divide 4637?
False
Is 89 a factor of 46179?
False
Does 95 divide 14254?
False
Does 9 divide 371?
False
Is 110 even?
True
Does 39 divide 1911?
True
Is 19 a factor of 1045?
True
Is 2220 a multiple of 60?
True
Is 15 a factor of 2145?
True
Does 15 divide 2491?
False
Is 19251 a multiple of 9?
True
Is 66 a factor of 848?
False
Is 3382 a multiple of 13?
False
Is 14 a multiple of 14?
True
Is 4 a factor of 6717?
False
Is 4536 a multiple of 36?
True
Is 10 a factor of 363?
False
Is 3754 a multiple of 22?
False
Is 9 a factor of 24019?
False
Does 26 divide 52572?
True
Is 490 a multiple of 70?
True
Is 2 a factor of 2538?
True
Is 3 a factor of 173?
False
Is 53 a factor of 848?
True
Is 12 a factor of 25952?
False
Is 109 a multiple of 6?
False
Does 5 divide 4955?
True
Is 1152 a multiple of 6?
True
Is 3096 a multiple of 8?
True
Is 480 a multiple of 24?
True
Is 7 a factor of 6163?
False
Is 672 a multiple of 26?
False
Does 87 divide 15433?
False
Is 55 a factor of 33773?
False
Is 4984 a multiple of 25?
False
Is 43 a factor of 47187?
False
Does 65 divide 17940?
True
Does 31 divide 73125?
False
Does 16 divide 1440?
True
Does 8 divide 1525?
False
Is 1027 a multiple of 6?
False
Is 9500 a multiple of 125?
True
Is 31 a factor of 863?
False
Is 10 a factor of 8800?
True
Does 23 divide 851?
True
Does 19 divide 19?
True
Is 